[INFO] cloning repository https://github.com/SkyTemple/pelipper-post-office
[INFO] running `Command { std: "git" "-c" "credential.helper=" "-c" "credential.helper=/workspace/cargo-home/bin/git-credential-null" "clone" "--bare" "https://github.com/SkyTemple/pelipper-post-office" "/workspace/cache/git-repos/https%3A%2F%2Fgithub.com%2FSkyTemple%2Fpelipper-post-office", kill_on_drop: false }`
[INFO] [stderr] Cloning into bare repository '/workspace/cache/git-repos/https%3A%2F%2Fgithub.com%2FSkyTemple%2Fpelipper-post-office'...
[INFO] running `Command { std: "git" "rev-parse" "HEAD", kill_on_drop: false }`
[INFO] [stdout] d897a47d7bd327831fa4210aa10d86e5a0c20070
[INFO] checking SkyTemple/pelipper-post-office against master#e6e4f7ed1589e03bc2f6c5931c1a72e7947e8682 for beta-170-4
[INFO] running `Command { std: "git" "clone" "/workspace/cache/git-repos/https%3A%2F%2Fgithub.com%2FSkyTemple%2Fpelipper-post-office" "/workspace/builds/worker-5-tc2/source", kill_on_drop: false }`
[INFO] [stderr] Cloning into '/workspace/builds/worker-5-tc2/source'...
[INFO] [stderr] done.
[INFO] validating manifest of git repo https://github.com/SkyTemple/pelipper-post-office on toolchain e6e4f7ed1589e03bc2f6c5931c1a72e7947e8682
[INFO] running `Command { std: CARGO_HOME="/workspace/cargo-home" RUSTUP_HOME="/workspace/rustup-home" "/workspace/cargo-home/bin/cargo" "+e6e4f7ed1589e03bc2f6c5931c1a72e7947e8682" "metadata" "--manifest-path" "Cargo.toml" "--no-deps", kill_on_drop: false }`
[INFO] started tweaking git repo https://github.com/SkyTemple/pelipper-post-office
[INFO] finished tweaking git repo https://github.com/SkyTemple/pelipper-post-office
[INFO] tweaked toml for git repo https://github.com/SkyTemple/pelipper-post-office written to /workspace/builds/worker-5-tc2/source/Cargo.toml
[INFO] crate git repo https://github.com/SkyTemple/pelipper-post-office already has a lockfile, it will not be regenerated
[INFO] running `Command { std: CARGO_HOME="/workspace/cargo-home" RUSTUP_HOME="/workspace/rustup-home" "/workspace/cargo-home/bin/cargo" "+e6e4f7ed1589e03bc2f6c5931c1a72e7947e8682" "fetch" "--manifest-path" "Cargo.toml", kill_on_drop: false }`
[INFO] running `Command { std: "docker" "create" "-v" "/var/lib/crater-agent-workspace/builds/worker-5-tc2/target:/opt/rustwide/target:rw,Z" "-v" "/var/lib/crater-agent-workspace/builds/worker-5-tc2/source:/opt/rustwide/workdir:ro,Z" "-v" "/var/lib/crater-agent-workspace/cargo-home:/opt/rustwide/cargo-home:ro,Z" "-v" "/var/lib/crater-agent-workspace/rustup-home:/opt/rustwide/rustup-home:ro,Z" "-e" "SOURCE_DIR=/opt/rustwide/workdir" "-e" "CARGO_TARGET_DIR=/opt/rustwide/target" "-e" "CARGO_HOME=/opt/rustwide/cargo-home" "-e" "RUSTUP_HOME=/opt/rustwide/rustup-home" "-w" "/opt/rustwide/workdir" "-m" "1610612736" "--user" "0:0" "--network" "none" "ghcr.io/rust-lang/crates-build-env/linux@sha256:19e73879b68f455e41552ea35293514db52ea292d993f571636dbffedb77a1ee" "/opt/rustwide/cargo-home/bin/cargo" "+e6e4f7ed1589e03bc2f6c5931c1a72e7947e8682" "metadata" "--no-deps" "--format-version=1", kill_on_drop: false }`
[INFO] [stdout] 861f1892c7722385c6740fff757eec6e55d040fd7a354d9b90c3eb29958cedcd
[INFO] running `Command { std: "docker" "start" "-a" "861f1892c7722385c6740fff757eec6e55d040fd7a354d9b90c3eb29958cedcd", kill_on_drop: false }`
[INFO] running `Command { std: "docker" "inspect" "861f1892c7722385c6740fff757eec6e55d040fd7a354d9b90c3eb29958cedcd", kill_on_drop: false }`
[INFO] running `Command { std: "docker" "rm" "-f" "861f1892c7722385c6740fff757eec6e55d040fd7a354d9b90c3eb29958cedcd", kill_on_drop: false }`
[INFO] [stdout] 861f1892c7722385c6740fff757eec6e55d040fd7a354d9b90c3eb29958cedcd
[INFO] running `Command { std: "docker" "create" "-v" "/var/lib/crater-agent-workspace/builds/worker-5-tc2/target:/opt/rustwide/target:rw,Z" "-v" "/var/lib/crater-agent-workspace/builds/worker-5-tc2/source:/opt/rustwide/workdir:ro,Z" "-v" "/var/lib/crater-agent-workspace/cargo-home:/opt/rustwide/cargo-home:ro,Z" "-v" "/var/lib/crater-agent-workspace/rustup-home:/opt/rustwide/rustup-home:ro,Z" "-e" "SOURCE_DIR=/opt/rustwide/workdir" "-e" "CARGO_TARGET_DIR=/opt/rustwide/target" "-e" "CARGO_INCREMENTAL=0" "-e" "RUST_BACKTRACE=full" "-e" "RUSTFLAGS=--cap-lints=forbid" "-e" "RUSTDOCFLAGS=--cap-lints=forbid" "-e" "CARGO_HOME=/opt/rustwide/cargo-home" "-e" "RUSTUP_HOME=/opt/rustwide/rustup-home" "-w" "/opt/rustwide/workdir" "-m" "1610612736" "--user" "0:0" "--network" "none" "ghcr.io/rust-lang/crates-build-env/linux@sha256:19e73879b68f455e41552ea35293514db52ea292d993f571636dbffedb77a1ee" "/opt/rustwide/cargo-home/bin/cargo" "+e6e4f7ed1589e03bc2f6c5931c1a72e7947e8682" "check" "--frozen" "--all" "--all-targets" "--message-format=json", kill_on_drop: false }`
[INFO] [stdout] f623ab2db73b3dcf1570171b8a0179181c549de6072c81ff835975d2593a2de6
[INFO] running `Command { std: "docker" "start" "-a" "f623ab2db73b3dcf1570171b8a0179181c549de6072c81ff835975d2593a2de6", kill_on_drop: false }`
[INFO] [stderr]    Compiling proc-macro2 v1.0.34
[INFO] [stderr]    Compiling libc v0.2.112
[INFO] [stderr]    Compiling syn v1.0.82
[INFO] [stderr]    Compiling memchr v2.4.1
[INFO] [stderr]    Compiling log v0.4.14
[INFO] [stderr]     Checking pin-project-lite v0.2.7
[INFO] [stderr]    Compiling futures-core v0.3.19
[INFO] [stderr]     Checking smallvec v1.7.0
[INFO] [stderr]    Compiling futures-task v0.3.19
[INFO] [stderr]    Compiling futures-channel v0.3.19
[INFO] [stderr]    Compiling parking_lot_core v0.8.5
[INFO] [stderr]     Checking futures-sink v0.3.19
[INFO] [stderr]     Checking instant v0.1.12
[INFO] [stderr]     Checking bytes v1.1.0
[INFO] [stderr]    Compiling futures-util v0.3.19
[INFO] [stderr]     Checking lock_api v0.4.5
[INFO] [stderr]     Checking slab v0.4.5
[INFO] [stderr]     Checking futures-io v0.3.19
[INFO] [stderr]    Compiling version_check v0.9.3
[INFO] [stderr]    Compiling num-traits v0.2.14
[INFO] [stderr]    Compiling unicode-segmentation v1.8.0
[INFO] [stderr]     Checking once_cell v1.9.0
[INFO] [stderr]     Checking tinyvec v1.5.1
[INFO] [stderr]    Compiling num-integer v0.1.44
[INFO] [stderr]    Compiling quote v1.0.10
[INFO] [stderr]     Checking mio v0.7.14
[INFO] [stderr]     Checking signal-hook-registry v1.4.0
[INFO] [stderr]     Checking num_cpus v1.13.0
[INFO] [stderr]     Checking parking_lot v0.11.2
[INFO] [stderr]    Compiling heck v0.3.3
[INFO] [stderr]     Checking getrandom v0.2.3
[INFO] [stderr]    Compiling serde_derive v1.0.132
[INFO] [stderr]     Checking matches v0.1.9
[INFO] [stderr]     Checking rand_core v0.6.3
[INFO] [stderr]    Compiling proc-macro-error-attr v1.0.4
[INFO] [stderr]     Checking atty v0.2.14
[INFO] [stderr]    Compiling serde v1.0.132
[INFO] [stderr]     Checking ppv-lite86 v0.2.15
[INFO] [stderr]     Checking unicode-bidi v0.3.7
[INFO] [stderr]    Compiling async-trait v0.1.52
[INFO] [stderr]     Checking form_urlencoded v1.0.1
[INFO] [stderr]     Checking unicode-normalization v0.1.19
[INFO] [stderr]    Compiling proc-macro-error v1.0.4
[INFO] [stderr]     Checking time v0.1.44
[INFO] [stderr]    Compiling indexmap v1.7.0
[INFO] [stderr]     Checking rand_chacha v0.3.1
[INFO] [stderr]     Checking itoa v0.4.8
[INFO] [stderr]    Compiling radium v0.6.2
[INFO] [stderr]     Checking rand v0.8.4
[INFO] [stderr]     Checking http v0.2.5
[INFO] [stderr]     Checking aho-corasick v0.7.18
[INFO] [stderr]     Checking chrono v0.4.19
[INFO] [stderr]     Checking tracing-core v0.1.21
[INFO] [stderr]     Checking idna v0.2.3
[INFO] [stderr]     Checking nibble_vec v0.1.0
[INFO] [stderr]    Compiling httparse v1.5.1
[INFO] [stderr]     Checking endian-type v0.1.2
[INFO] [stderr]     Checking termcolor v1.1.2
[INFO] [stderr]     Checking hashbrown v0.11.2
[INFO] [stderr]     Checking tap v1.0.1
[INFO] [stderr]     Checking unicode-width v0.1.9
[INFO] [stderr]     Checking data-encoding v2.3.2
[INFO] [stderr]     Checking regex-syntax v0.6.25
[INFO] [stderr]     Checking ipnet v2.3.1
[INFO] [stderr]     Checking textwrap v0.11.0
[INFO] [stderr]     Checking url v2.2.2
[INFO] [stderr]     Checking wyz v0.4.0
[INFO] [stderr]     Checking radix_trie v0.2.1
[INFO] [stderr]     Checking tracing v0.1.29
[INFO] [stderr]     Checking humantime v2.1.0
[INFO] [stderr]     Checking vec_map v0.8.2
[INFO] [stderr]    Compiling packed_struct v0.10.0
[INFO] [stderr]     Checking ansi_term v0.12.1
[INFO] [stderr]     Checking try-lock v0.2.3
[INFO] [stderr]     Checking funty v1.2.0
[INFO] [stderr]     Checking strsim v0.8.0
[INFO] [stderr]    Compiling anyhow v1.0.51
[INFO] [stderr]     Checking want v0.3.0
[INFO] [stderr]     Checking clap v2.34.0
[INFO] [stderr]    Compiling const_format_proc_macros v0.2.22
[INFO] [stderr]     Checking http-body v0.4.4
[INFO] [stderr]     Checking socket2 v0.4.2
[INFO] [stderr]     Checking dirs-sys v0.3.6
[INFO] [stderr]     Checking regex v1.5.4
[INFO] [stderr]     Checking thread_local v1.0.1
[INFO] [stderr]     Checking tower-service v0.3.1
[INFO] [stderr]     Checking bitvec v0.22.3
[INFO] [stderr]     Checking httpdate v1.0.2
[INFO] [stderr]     Checking either v1.6.1
[INFO] [stderr]     Checking stderrlog v0.5.1
[INFO] [stderr]     Checking itertools v0.10.3
[INFO] [stderr]     Checking directories v4.0.1
[INFO] [stderr]     Checking md5 v0.7.0
[INFO] [stderr]     Checking clru v0.5.0
[INFO] [stderr]     Checking env_logger v0.8.4
[INFO] [stderr]     Checking const_format v0.2.22
[INFO] [stderr]    Compiling futures-macro v0.3.19
[INFO] [stderr]    Compiling tokio-macros v1.7.0
[INFO] [stderr]    Compiling thiserror-impl v1.0.30
[INFO] [stderr]    Compiling enum-as-inner v0.3.3
[INFO] [stderr]    Compiling structopt-derive v0.4.18
[INFO] [stderr]    Compiling packed_struct_codegen v0.10.0
[INFO] [stderr]     Checking tokio v1.15.0
[INFO] [stderr]     Checking structopt v0.3.25
[INFO] [stderr]     Checking thiserror v1.0.30
[INFO] [stderr]     Checking futures-executor v0.3.19
[INFO] [stderr]     Checking futures v0.3.19
[INFO] [stderr]     Checking tokio-util v0.6.9
[INFO] [stderr]     Checking trust-dns-proto v0.20.3
[INFO] [stderr]     Checking h2 v0.3.9
[INFO] [stderr]     Checking toml v0.5.8
[INFO] [stderr]     Checking trust-dns-client v0.20.3
[INFO] [stderr]     Checking trust-dns-server v0.20.3
[INFO] [stderr]     Checking hyper v0.14.16
[INFO] [stderr]     Checking pelipper-post-office v0.1.0 (/opt/rustwide/workdir)
[INFO] [stdout] warning: unused import: `decode_cr`
[INFO] [stdout]   --> src/gs_udp.rs:17:32
[INFO] [stdout]    |
[INFO] [stdout] 17 | use crate::util::{advance_nul, decode_cr, random_string};
[INFO] [stdout]    |                                ^^^^^^^^^
[INFO] [stdout]    |
[INFO] [stdout]    = note: `#[warn(unused_imports)]` on by default
[INFO] [stdout] 
[INFO] [stdout] 
[INFO] [stdout] warning: unused import: `anyhow`
[INFO] [stdout]  --> src/backend/sessions.rs:3:14
[INFO] [stdout]   |
[INFO] [stdout] 3 | use anyhow::{anyhow, Error};
[INFO] [stdout]   |              ^^^^^^
[INFO] [stdout] 
[INFO] [stdout] 
[INFO] [stdout] warning: unused import: `decode_cr`
[INFO] [stdout]   --> src/gs_udp.rs:17:32
[INFO] [stdout]    |
[INFO] [stdout] 17 | use crate::util::{advance_nul, decode_cr, random_string};
[INFO] [stdout]    |                                ^^^^^^^^^
[INFO] [stdout]    |
[INFO] [stdout]    = note: `#[warn(unused_imports)]` on by default
[INFO] [stdout] 
[INFO] [stdout] 
[INFO] [stdout] warning: unused import: `anyhow`
[INFO] [stdout]  --> src/backend/sessions.rs:3:14
[INFO] [stdout]   |
[INFO] [stdout] 3 | use anyhow::{anyhow, Error};
[INFO] [stdout]   |              ^^^^^^
[INFO] [stdout] 
[INFO] [stdout] 
[INFO] [stdout] error[E0599]: no method named `backtrace` found for struct `anyhow::Error` in the current scope
[INFO] [stdout]    --> src/http.rs:128:92
[INFO] [stdout]     |
[INFO] [stdout] 128 |                 Err(e) => warn!("GS /ac: Failed to register a user. Error: {} -- {}", e, e.backtrace())
[INFO] [stdout]     |                                                                                            ^^^^^^^^^ method not found in `Error`
[INFO] [stdout] 
[INFO] [stdout] 
[INFO] [stdout] error[E0599]: no method named `backtrace` found for struct `anyhow::Error` in the current scope
[INFO] [stdout]    --> src/http.rs:128:92
[INFO] [stdout]     |
[INFO] [stdout] 128 |                 Err(e) => warn!("GS /ac: Failed to register a user. Error: {} -- {}", e, e.backtrace())
[INFO] [stdout]     |                                                                                            ^^^^^^^^^ method not found in `Error`
[INFO] [stdout] 
[INFO] [stdout] 
[INFO] [stdout] error[E0599]: no method named `backtrace` found for struct `anyhow::Error` in the current scope
[INFO] [stdout]    --> src/http.rs:131:113
[INFO] [stdout]     |
[INFO] [stdout] 131 |         Err(e) => warn!("GS /ac: Client sent invalid data during registration, ghosting. Error: {} -- {}", e, e.backtrace())
[INFO] [stdout]     |                                                                                                                 ^^^^^^^^^ method not found in `Error`
[INFO] [stdout] 
[INFO] [stdout] 
[INFO] [stdout] error[E0599]: no method named `backtrace` found for struct `anyhow::Error` in the current scope
[INFO] [stdout]    --> src/http.rs:131:113
[INFO] [stdout]     |
[INFO] [stdout] 131 |         Err(e) => warn!("GS /ac: Client sent invalid data during registration, ghosting. Error: {} -- {}", e, e.backtrace())
[INFO] [stdout]     |                                                                                                                 ^^^^^^^^^ method not found in `Error`
[INFO] [stdout] 
[INFO] [stdout] 
[INFO] [stdout] warning: unused variable: `backends`
[INFO] [stdout]  --> src/gamestats/set_profile.rs:5:56
[INFO] [stdout]   |
[INFO] [stdout] 5 | pub(crate) async fn gs_set_profile(req: Request<Body>, backends: BackendsRef) -> Result<Response<Body>, hyper::Error> {
[INFO] [stdout]   |                                                        ^^^^^^^^ help: if this is intentional, prefix it with an underscore: `_backends`
[INFO] [stdout]   |
[INFO] [stdout]   = note: `#[warn(unused_variables)]` on by default
[INFO] [stdout] 
[INFO] [stdout] 
[INFO] [stdout] warning: unused variable: `backends`
[INFO] [stdout]  --> src/gamestats/set_profile.rs:5:56
[INFO] [stdout]   |
[INFO] [stdout] 5 | pub(crate) async fn gs_set_profile(req: Request<Body>, backends: BackendsRef) -> Result<Response<Body>, hyper::Error> {
[INFO] [stdout]   |                                                        ^^^^^^^^ help: if this is intentional, prefix it with an underscore: `_backends`
[INFO] [stdout]   |
[INFO] [stdout]   = note: `#[warn(unused_variables)]` on by default
[INFO] [stdout] 
[INFO] [stdout] 
[INFO] [stdout] warning: unused variable: `stream`
[INFO] [stdout]    --> src/gs_tcp.rs:215:63
[INFO] [stdout]     |
[INFO] [stdout] 215 |     payload: &mut HashMap<String, String>, session: &Session, stream: &mut TcpStream,
[INFO] [stdout]     |                                                               ^^^^^^ help: if this is intentional, prefix it with an underscore: `_stream`
[INFO] [stdout] 
[INFO] [stdout] 
[INFO] [stdout] warning: unused variable: `buf`
[INFO] [stdout]    --> src/gs_tcp.rs:216:5
[INFO] [stdout]     |
[INFO] [stdout] 216 |     buf: &mut ReadInBuf, backends: &BackendsRef, validate_profile_id: bool
[INFO] [stdout]     |     ^^^ help: if this is intentional, prefix it with an underscore: `_buf`
[INFO] [stdout] 
[INFO] [stdout] 
[INFO] [stdout] warning: unused variable: `stream`
[INFO] [stdout]    --> src/gs_tcp.rs:215:63
[INFO] [stdout]     |
[INFO] [stdout] 215 |     payload: &mut HashMap<String, String>, session: &Session, stream: &mut TcpStream,
[INFO] [stdout]     |                                                               ^^^^^^ help: if this is intentional, prefix it with an underscore: `_stream`
[INFO] [stdout] 
[INFO] [stdout] 
[INFO] [stdout] warning: unused variable: `buf`
[INFO] [stdout]    --> src/gs_tcp.rs:216:5
[INFO] [stdout]     |
[INFO] [stdout] 216 |     buf: &mut ReadInBuf, backends: &BackendsRef, validate_profile_id: bool
[INFO] [stdout]     |     ^^^ help: if this is intentional, prefix it with an underscore: `_buf`
[INFO] [stdout] 
[INFO] [stdout] 
[INFO] [stdout] error[E0599]: no method named `backtrace` found for struct `anyhow::Error` in the current scope
[INFO] [stdout]    --> src/gs_tcp.rs:328:115
[INFO] [stdout]     |
[INFO] [stdout] 328 | ...                   debug!("GS TCP server; {:?}; Error during login: {} --\n{}", stream.peer_addr(), e, e.backtrace());
[INFO] [stdout]     |                                                                                                             ^^^^^^^^^ method not found in `Error`
[INFO] [stdout] 
[INFO] [stdout] 
[INFO] [stdout] error[E0599]: no method named `backtrace` found for struct `anyhow::Error` in the current scope
[INFO] [stdout]    --> src/gs_tcp.rs:328:115
[INFO] [stdout]     |
[INFO] [stdout] 328 | ...                   debug!("GS TCP server; {:?}; Error during login: {} --\n{}", stream.peer_addr(), e, e.backtrace());
[INFO] [stdout]     |                                                                                                             ^^^^^^^^^ method not found in `Error`
[INFO] [stdout] 
[INFO] [stdout] 
[INFO] [stdout] error[E0599]: no method named `backtrace` found for struct `anyhow::Error` in the current scope
[INFO] [stdout]    --> src/gs_tcp.rs:344:118
[INFO] [stdout]     |
[INFO] [stdout] 344 | ...                   error!("GS TCP server; {:?}; Error sending profile: {} --\n{}", stream.peer_addr(), e, e.backtrace());
[INFO] [stdout]     |                                                                                                                ^^^^^^^^^ method not found in `Error`
[INFO] [stdout] 
[INFO] [stdout] 
[INFO] [stdout] error[E0599]: no method named `backtrace` found for struct `anyhow::Error` in the current scope
[INFO] [stdout]    --> src/gs_tcp.rs:344:118
[INFO] [stdout]     |
[INFO] [stdout] 344 | ...                   error!("GS TCP server; {:?}; Error sending profile: {} --\n{}", stream.peer_addr(), e, e.backtrace());
[INFO] [stdout]     |                                                                                                                ^^^^^^^^^ method not found in `Error`
[INFO] [stdout] 
[INFO] [stdout] 
[INFO] [stdout] error[E0599]: no method named `backtrace` found for struct `anyhow::Error` in the current scope
[INFO] [stdout]    --> src/gs_tcp.rs:360:119
[INFO] [stdout]     |
[INFO] [stdout] 360 | ...                   error!("GS TCP server; {:?}; Error updating profile: {} --\n{}", stream.peer_addr(), e, e.backtrace());
[INFO] [stdout]     |                                                                                                                 ^^^^^^^^^ method not found in `Error`
[INFO] [stdout] 
[INFO] [stdout] 
[INFO] [stdout] error[E0599]: no method named `backtrace` found for struct `anyhow::Error` in the current scope
[INFO] [stdout]    --> src/gs_tcp.rs:360:119
[INFO] [stdout]     |
[INFO] [stdout] 360 | ...                   error!("GS TCP server; {:?}; Error updating profile: {} --\n{}", stream.peer_addr(), e, e.backtrace());
[INFO] [stdout]     |                                                                                                                 ^^^^^^^^^ method not found in `Error`
[INFO] [stdout] 
[INFO] [stdout] 
[INFO] [stdout] error[E0599]: no method named `backtrace` found for struct `anyhow::Error` in the current scope
[INFO] [stdout]    --> src/gs_tcp.rs:420:95
[INFO] [stdout]     |
[INFO] [stdout] 420 |                 Err(e) => warn!("TCP Client connection closed due to error: {} -- \n{}", e, e.backtrace())
[INFO] [stdout]     |                                                                                               ^^^^^^^^^ method not found in `Error`
[INFO] [stdout] 
[INFO] [stdout] 
[INFO] [stdout] error[E0599]: no method named `backtrace` found for struct `anyhow::Error` in the current scope
[INFO] [stdout]    --> src/gs_tcp.rs:420:95
[INFO] [stdout]     |
[INFO] [stdout] 420 |                 Err(e) => warn!("TCP Client connection closed due to error: {} -- \n{}", e, e.backtrace())
[INFO] [stdout]     |                                                                                               ^^^^^^^^^ method not found in `Error`
[INFO] [stdout] 
[INFO] [stdout] 
[INFO] [stdout] warning: unused variable: `msg`
[INFO] [stdout]    --> src/gs_udp.rs:124:96
[INFO] [stdout]     |
[INFO] [stdout] 124 | async fn handle_available(srv: &mut UdpServer, peer: SocketAddr, header: ClientDatagramHeader, msg: Bytes) -> Result<(), Error> {
[INFO] [stdout]     |                                                                                                ^^^ help: if this is intentional, prefix it with an underscore: `_msg`
[INFO] [stdout] 
[INFO] [stdout] 
[INFO] [stdout] warning: unused variable: `msg`
[INFO] [stdout]    --> src/gs_udp.rs:124:96
[INFO] [stdout]     |
[INFO] [stdout] 124 | async fn handle_available(srv: &mut UdpServer, peer: SocketAddr, header: ClientDatagramHeader, msg: Bytes) -> Result<(), Error> {
[INFO] [stdout]     |                                                                                                ^^^ help: if this is intentional, prefix it with an underscore: `_msg`
[INFO] [stdout] 
[INFO] [stdout] 
[INFO] [stdout] warning: unused variable: `msg`
[INFO] [stdout]    --> src/gs_udp.rs:184:39
[INFO] [stdout]     |
[INFO] [stdout] 184 |     header: ClientDatagramHeader, mut msg: Bytes
[INFO] [stdout]     |                                       ^^^ help: if this is intentional, prefix it with an underscore: `_msg`
[INFO] [stdout] 
[INFO] [stdout] 
[INFO] [stdout] warning: unused variable: `msg`
[INFO] [stdout]    --> src/gs_udp.rs:184:39
[INFO] [stdout]     |
[INFO] [stdout] 184 |     header: ClientDatagramHeader, mut msg: Bytes
[INFO] [stdout]     |                                       ^^^ help: if this is intentional, prefix it with an underscore: `_msg`
[INFO] [stdout] 
[INFO] [stdout] 
[INFO] [stdout] warning: variable does not need to be mutable
[INFO] [stdout]    --> src/gs_udp.rs:184:35
[INFO] [stdout]     |
[INFO] [stdout] 184 |     header: ClientDatagramHeader, mut msg: Bytes
[INFO] [stdout]     |                                   ----^^^
[INFO] [stdout]     |                                   |
[INFO] [stdout]     |                                   help: remove this `mut`
[INFO] [stdout]     |
[INFO] [stdout]     = note: `#[warn(unused_mut)]` on by default
[INFO] [stdout] 
[INFO] [stdout] 
[INFO] [stdout] warning: variable does not need to be mutable
[INFO] [stdout]    --> src/gs_udp.rs:184:35
[INFO] [stdout]     |
[INFO] [stdout] 184 |     header: ClientDatagramHeader, mut msg: Bytes
[INFO] [stdout]     |                                   ----^^^
[INFO] [stdout]     |                                   |
[INFO] [stdout]     |                                   help: remove this `mut`
[INFO] [stdout]     |
[INFO] [stdout]     = note: `#[warn(unused_mut)]` on by default
[INFO] [stdout] 
[INFO] [stdout] 
[INFO] [stdout] error[E0599]: no method named `backtrace` found for struct `anyhow::Error` in the current scope
[INFO] [stdout]    --> src/gs_udp.rs:258:66
[INFO] [stdout]     |
[INFO] [stdout] 258 |             warn!("Error processing a message: {} -- \n{}", e, e.backtrace());
[INFO] [stdout]     |                                                                  ^^^^^^^^^ method not found in `Error`
[INFO] [stdout] 
[INFO] [stdout] 
[INFO] [stdout] error[E0599]: no method named `backtrace` found for struct `anyhow::Error` in the current scope
[INFO] [stdout]    --> src/gs_udp.rs:258:66
[INFO] [stdout]     |
[INFO] [stdout] 258 |             warn!("Error processing a message: {} -- \n{}", e, e.backtrace());
[INFO] [stdout]     |                                                                  ^^^^^^^^^ method not found in `Error`
[INFO] [stdout] 
[INFO] [stdout] 
[INFO] [stdout] warning: unused import: `futures::FutureExt`
[INFO] [stdout]   --> src/gs_udp.rs:13:5
[INFO] [stdout]    |
[INFO] [stdout] 13 | use futures::FutureExt;
[INFO] [stdout]    |     ^^^^^^^^^^^^^^^^^^
[INFO] [stdout] 
[INFO] [stdout] 
[INFO] [stdout] warning: unused import: `futures::FutureExt`
[INFO] [stdout]   --> src/gs_udp.rs:13:5
[INFO] [stdout]    |
[INFO] [stdout] 13 | use futures::FutureExt;
[INFO] [stdout]    |     ^^^^^^^^^^^^^^^^^^
[INFO] [stdout] 
[INFO] [stdout] 
[INFO] [stdout] error: aborting due to 7 previous errors; 9 warnings emitted
[INFO] [stdout] 
[INFO] [stdout] 
[INFO] [stdout] For more information about this error, try `rustc --explain E0599`.
[INFO] [stdout] 
[INFO] [stdout] error: aborting due to 7 previous errors; 9 warnings emitted
[INFO] [stdout] 
[INFO] [stdout] 
[INFO] [stdout] For more information about this error, try `rustc --explain E0599`.
[INFO] [stdout] 
[INFO] [stderr] error: could not compile `pelipper-post-office` (bin "pelipper-post-office" test) due to 8 previous errors; 9 warnings emitted
[INFO] [stderr] warning: build failed, waiting for other jobs to finish...
[INFO] [stderr] error: could not compile `pelipper-post-office` (bin "pelipper-post-office") due to 8 previous errors; 9 warnings emitted
[INFO] running `Command { std: "docker" "inspect" "f623ab2db73b3dcf1570171b8a0179181c549de6072c81ff835975d2593a2de6", kill_on_drop: false }`
[INFO] running `Command { std: "docker" "rm" "-f" "f623ab2db73b3dcf1570171b8a0179181c549de6072c81ff835975d2593a2de6", kill_on_drop: false }`
[INFO] [stdout] f623ab2db73b3dcf1570171b8a0179181c549de6072c81ff835975d2593a2de6
